{"id":13,"date":"2022-02-09T09:09:00","date_gmt":"2022-02-09T09:09:00","guid":{"rendered":"https:\/\/www.ds-lighting.de\/?page_id=13"},"modified":"2025-04-18T01:15:53","modified_gmt":"2025-04-17T23:15:53","slug":"home","status":"publish","type":"page","link":"https:\/\/www.ds-lighting.de\/","title":{"rendered":"Home"},"content":{"rendered":"\n<figure class=\"wp-block-video\"><video autoplay loop muted src=\"https:\/\/www.ds-lighting.de\/wp-content\/uploads\/2025\/04\/header-DSL-1.mp4\"><\/video><\/figure>\n\n\n\n<div class=\"wp-block-media-text alignwide is-stacked-on-mobile\"><figure class=\"wp-block-media-text__media\"><img fetchpriority=\"high\" decoding=\"async\" width=\"1024\" height=\"576\" src=\"https:\/\/www.ds-lighting.de\/wp-content\/uploads\/2025\/04\/IMG_0435-2-3.jpg\" alt=\"\" class=\"wp-image-455 size-full\" srcset=\"https:\/\/www.ds-lighting.de\/wp-content\/uploads\/2025\/04\/IMG_0435-2-3.jpg 1024w, https:\/\/www.ds-lighting.de\/wp-content\/uploads\/2025\/04\/IMG_0435-2-3-300x169.jpg 300w, https:\/\/www.ds-lighting.de\/wp-content\/uploads\/2025\/04\/IMG_0435-2-3-768x432.jpg 768w\" sizes=\"(max-width: 1024px) 100vw, 1024px\" \/><\/figure><div class=\"wp-block-media-text__content\">\n<p>Sie planen eine neue Tour, wir k\u00fcmmern uns um die Umsetzung. Wir erstellen Ihnen ein B\u00fchnendesign und setzten dies so um das es auf die verschiedenen Locations umsetzbar ist&#8230;<\/p>\n<\/div><\/div>\n\n\n\n<div class=\"wp-block-media-text alignwide has-media-on-the-right is-stacked-on-mobile\"><div class=\"wp-block-media-text__content\">\n<p>Sie Planen eine Veranstaltung oder Sind eine Band die mit einem festen Beleuchtungskonzept Touren wollen? <\/p>\n\n\n\n<p>Wir erstellen mit Ihnen zusammen einen Beleuchtungsplan und ermitteln Ihren Bedarf. Gerne erstellen wir auch Ihren Technical Rider f\u00fcr den Bereich &#8222;Lichttechnik&#8220; &#8230;<\/p>\n<\/div><figure class=\"wp-block-media-text__media\"><img decoding=\"async\" width=\"1024\" height=\"557\" src=\"https:\/\/www.ds-lighting.de\/wp-content\/uploads\/2025\/04\/IMG_0437-2.jpg\" alt=\"\" class=\"wp-image-456 size-full\" srcset=\"https:\/\/www.ds-lighting.de\/wp-content\/uploads\/2025\/04\/IMG_0437-2.jpg 1024w, https:\/\/www.ds-lighting.de\/wp-content\/uploads\/2025\/04\/IMG_0437-2-300x163.jpg 300w, https:\/\/www.ds-lighting.de\/wp-content\/uploads\/2025\/04\/IMG_0437-2-768x418.jpg 768w\" sizes=\"(max-width: 1024px) 100vw, 1024px\" \/><\/figure><\/div>\n\n\n\n<div class=\"wp-block-media-text alignwide is-stacked-on-mobile\"><figure class=\"wp-block-media-text__media\"><img decoding=\"async\" width=\"1024\" height=\"683\" src=\"https:\/\/www.ds-lighting.de\/wp-content\/uploads\/2025\/04\/IMG_0439-2.jpg\" alt=\"\" class=\"wp-image-457 size-full\" srcset=\"https:\/\/www.ds-lighting.de\/wp-content\/uploads\/2025\/04\/IMG_0439-2.jpg 1024w, https:\/\/www.ds-lighting.de\/wp-content\/uploads\/2025\/04\/IMG_0439-2-300x200.jpg 300w, https:\/\/www.ds-lighting.de\/wp-content\/uploads\/2025\/04\/IMG_0439-2-768x512.jpg 768w\" sizes=\"(max-width: 1024px) 100vw, 1024px\" \/><\/figure><div class=\"wp-block-media-text__content\">\n<p>Durch unsere Zusammenarbeit mit vielen Technik Dienstleistungsfirmen, finden wir f\u00fcr Sie den richtigen Partner.<\/p>\n\n\n\n<p>Gerne schreiben wir Ihren Bedarf aus und werten die Angebote aus.<\/p>\n\n\n\n<p>Wir beraten Sie zur Auftragsvergabe&#8230;<\/p>\n<\/div><\/div>\n\n\n<p><!-- Created with Elementor --><\/p>\n<p><!-- Created with Elementor --><!-- Created with Elementor --><!-- Created with Elementor --><\/p>\n<p><!-- Created with Elementor --><\/p>\n<p><!-- Created with Elementor --><\/p>\n\n\n<p>Hier ein Paar Referenz Projekte:<\/p>\n\n\n<ul class=\"wp-block-latest-posts__list wp-block-latest-posts\"><li><div class=\"wp-block-latest-posts__featured-image\"><img loading=\"lazy\" width=\"1024\" height=\"575\" src=\"https:\/\/www.ds-lighting.de\/wp-content\/uploads\/2024\/02\/img_2048-1024x575.jpg\" class=\"attachment-large size-large wp-post-image\" alt=\"\" decoding=\"async\" style=\"\" srcset=\"https:\/\/www.ds-lighting.de\/wp-content\/uploads\/2024\/02\/img_2048-1024x575.jpg 1024w, https:\/\/www.ds-lighting.de\/wp-content\/uploads\/2024\/02\/img_2048-300x169.jpg 300w, https:\/\/www.ds-lighting.de\/wp-content\/uploads\/2024\/02\/img_2048-768x432.jpg 768w, https:\/\/www.ds-lighting.de\/wp-content\/uploads\/2024\/02\/img_2048-1536x863.jpg 1536w, https:\/\/www.ds-lighting.de\/wp-content\/uploads\/2024\/02\/img_2048-1200x674.jpg 1200w, https:\/\/www.ds-lighting.de\/wp-content\/uploads\/2024\/02\/img_2048-1980x1113.jpg 1980w, https:\/\/www.ds-lighting.de\/wp-content\/uploads\/2024\/02\/img_2048.jpg 2000w\" sizes=\"(max-width: 1024px) 100vw, 1024px\" \/><\/div><a class=\"wp-block-latest-posts__post-title\" href=\"https:\/\/www.ds-lighting.de\/index.php\/2024\/02\/06\/musikvideo-der-band-one-last-time\/\">Musikvideo der Band \u201eOne last Time\u201e<\/a><div class=\"wp-block-latest-posts__post-excerpt\">Zusammen mit der Firma Kaudio Veranstaltungstechnik war ich f\u00fcr die Lichttechnische Umsetzung f\u00fcr die Band \u201eOne last Time\u201c zust\u00e4ndig! Wir drehten zusammen mit Michael Dias das Video zum Song \u201eDevil in the Detail\u201c. Mit diesem Song ist die Band unter den Top 8 des Eurovision Luxembourg bei dem entschieden wird&hellip;<\/div><\/li>\n<li><div class=\"wp-block-latest-posts__featured-image\"><img loading=\"lazy\" width=\"1024\" height=\"576\" src=\"https:\/\/www.ds-lighting.de\/wp-content\/uploads\/2023\/06\/Title-Bild-1024x576.jpg\" class=\"attachment-large size-large wp-post-image\" alt=\"\" decoding=\"async\" style=\"\" srcset=\"https:\/\/www.ds-lighting.de\/wp-content\/uploads\/2023\/06\/Title-Bild-1024x576.jpg 1024w, https:\/\/www.ds-lighting.de\/wp-content\/uploads\/2023\/06\/Title-Bild-300x169.jpg 300w, https:\/\/www.ds-lighting.de\/wp-content\/uploads\/2023\/06\/Title-Bild-768x432.jpg 768w, https:\/\/www.ds-lighting.de\/wp-content\/uploads\/2023\/06\/Title-Bild-1536x864.jpg 1536w, https:\/\/www.ds-lighting.de\/wp-content\/uploads\/2023\/06\/Title-Bild-2048x1152.jpg 2048w, https:\/\/www.ds-lighting.de\/wp-content\/uploads\/2023\/06\/Title-Bild-1200x675.jpg 1200w, https:\/\/www.ds-lighting.de\/wp-content\/uploads\/2023\/06\/Title-Bild-1980x1114.jpg 1980w\" sizes=\"(max-width: 1024px) 100vw, 1024px\" \/><\/div><a class=\"wp-block-latest-posts__post-title\" href=\"https:\/\/www.ds-lighting.de\/index.php\/2023\/06\/30\/jack-the-ripper-das-musical\/\">Jack the Ripper &#8211; Das Musical<\/a><div class=\"wp-block-latest-posts__post-excerpt\">Bei dieser Produktion wurden ich von der Firma Mayer Safe &amp; Sound f\u00fcr die Lichttechnische Umsetzung und zur Gestaltung des Lichtdesigns gebucht. Hier war meine Aufgabe, das Lichtdesign gemeinsam mit dem Regisseur Klaus Seiffert und dem Choreografen Mario Mariano zu erstellen und umzusetzen. Bereits jetzt schonmal ein Riesen Dankesch\u00f6n an&hellip;<\/div><\/li>\n<li><div class=\"wp-block-latest-posts__featured-image\"><img loading=\"lazy\" width=\"1024\" height=\"576\" src=\"https:\/\/www.ds-lighting.de\/wp-content\/uploads\/2022\/11\/img_3078-1024x576.jpg\" class=\"attachment-large size-large wp-post-image\" alt=\"\" decoding=\"async\" style=\"\" srcset=\"https:\/\/www.ds-lighting.de\/wp-content\/uploads\/2022\/11\/img_3078-1024x576.jpg 1024w, https:\/\/www.ds-lighting.de\/wp-content\/uploads\/2022\/11\/img_3078-300x169.jpg 300w, https:\/\/www.ds-lighting.de\/wp-content\/uploads\/2022\/11\/img_3078-768x432.jpg 768w, https:\/\/www.ds-lighting.de\/wp-content\/uploads\/2022\/11\/img_3078-1536x864.jpg 1536w, https:\/\/www.ds-lighting.de\/wp-content\/uploads\/2022\/11\/img_3078-2048x1152.jpg 2048w, https:\/\/www.ds-lighting.de\/wp-content\/uploads\/2022\/11\/img_3078-1200x675.jpg 1200w, https:\/\/www.ds-lighting.de\/wp-content\/uploads\/2022\/11\/img_3078-1980x1114.jpg 1980w\" sizes=\"(max-width: 1024px) 100vw, 1024px\" \/><\/div><a class=\"wp-block-latest-posts__post-title\" href=\"https:\/\/www.ds-lighting.de\/index.php\/2022\/11\/19\/bibi-blocksberg-alles-wie-verhext-das-musical\/\">Bibi Blocksberg &#8211; Alles wie Verhext das Musical<\/a><div class=\"wp-block-latest-posts__post-excerpt\">Letzte Woche durfte ich das Musical Bibi Blocksberg &#8211; Alles wie verhext in Idar- Oberstein betreuen. Ein Musical f\u00fcr gro\u00df und klein. Einen Riesen Dank an die Crew der Produktion es hat Spa\u00df gemacht mit euch zusammen zu arbeiten! Danke auch an die Firma Riedl VT f\u00fcr den Auftrag und&hellip;<\/div><\/li>\n<li><div class=\"wp-block-latest-posts__featured-image\"><img loading=\"lazy\" width=\"1024\" height=\"769\" src=\"https:\/\/www.ds-lighting.de\/wp-content\/uploads\/2022\/09\/9e077118-7097-4bf4-b75f-d57ae740674f-2-1024x769.jpg\" class=\"attachment-large size-large wp-post-image\" alt=\"\" decoding=\"async\" style=\"\" srcset=\"https:\/\/www.ds-lighting.de\/wp-content\/uploads\/2022\/09\/9e077118-7097-4bf4-b75f-d57ae740674f-2-1024x769.jpg 1024w, https:\/\/www.ds-lighting.de\/wp-content\/uploads\/2022\/09\/9e077118-7097-4bf4-b75f-d57ae740674f-2-300x225.jpg 300w, https:\/\/www.ds-lighting.de\/wp-content\/uploads\/2022\/09\/9e077118-7097-4bf4-b75f-d57ae740674f-2-768x577.jpg 768w, https:\/\/www.ds-lighting.de\/wp-content\/uploads\/2022\/09\/9e077118-7097-4bf4-b75f-d57ae740674f-2-1200x901.jpg 1200w, https:\/\/www.ds-lighting.de\/wp-content\/uploads\/2022\/09\/9e077118-7097-4bf4-b75f-d57ae740674f-2.jpg 1440w\" sizes=\"(max-width: 1024px) 100vw, 1024px\" \/><\/div><a class=\"wp-block-latest-posts__post-title\" href=\"https:\/\/www.ds-lighting.de\/index.php\/2022\/09\/03\/big-band-art-of-music\/\">Big Band \u201eArt of Music\u201c<\/a><div class=\"wp-block-latest-posts__post-excerpt\">Das \u00e4lteste Winzerfest der Mittelmosel feiert in diesem Jahr Geburtstag. Das traditionelle Mehringer Winzerfest wird 90! Hier war ich als Lichttechniker und Operator bei der Er\u00f6ffnungsveranstaltung mit der Big Band &#8222;Art of Music&#8220; t\u00e4tig. Ein Riesen Dank geht an die Musiker und die Solisten es hat wiedermal m\u00e4chtig Spa\u00df gemacht&hellip;<\/div><\/li>\n<li><div class=\"wp-block-latest-posts__featured-image\"><img loading=\"lazy\" width=\"1024\" height=\"768\" src=\"https:\/\/www.ds-lighting.de\/wp-content\/uploads\/2022\/08\/img_9291-1024x768.jpg\" class=\"attachment-large size-large wp-post-image\" alt=\"\" decoding=\"async\" style=\"\" srcset=\"https:\/\/www.ds-lighting.de\/wp-content\/uploads\/2022\/08\/img_9291-1024x768.jpg 1024w, https:\/\/www.ds-lighting.de\/wp-content\/uploads\/2022\/08\/img_9291-300x225.jpg 300w, https:\/\/www.ds-lighting.de\/wp-content\/uploads\/2022\/08\/img_9291-768x576.jpg 768w, https:\/\/www.ds-lighting.de\/wp-content\/uploads\/2022\/08\/img_9291-1536x1152.jpg 1536w, https:\/\/www.ds-lighting.de\/wp-content\/uploads\/2022\/08\/img_9291-2048x1536.jpg 2048w, https:\/\/www.ds-lighting.de\/wp-content\/uploads\/2022\/08\/img_9291-1200x900.jpg 1200w, https:\/\/www.ds-lighting.de\/wp-content\/uploads\/2022\/08\/img_9291-1980x1485.jpg 1980w\" sizes=\"(max-width: 1024px) 100vw, 1024px\" \/><\/div><a class=\"wp-block-latest-posts__post-title\" href=\"https:\/\/www.ds-lighting.de\/index.php\/2022\/08\/31\/jazz-tage-idar-oberstein\/\">Jazz Tage Idar -Oberstein<\/a><div class=\"wp-block-latest-posts__post-excerpt\">Drei Tage volles Programm auf vier B\u00fchnen mit 25 fantastischen Bands. Hier war ich f\u00fcr die Lichttechniche Betreuung als Operator auf der Marktplatzb\u00fchne verantwortlich. Ein Gro\u00dfes Dankesch\u00f6n an meine Kollegen, es hat mega Spa\u00df gemacht Ihr seit echt &#8222;geile Typen&#8220; auch ein riesen Dank an die Firma SL-Veranstaltungstechnik f\u00fcr das&hellip;<\/div><\/li>\n<\/ul>\n\n\n<figure class=\"wp-block-image size-full\"><img decoding=\"async\" src=\"https:\/\/www.ds-lighting.de\/wp-content\/uploads\/2025\/04\/IMG_0356-2.heic\" alt=\"\" class=\"wp-image-467\"\/><\/figure>\n\n\n\n<figure class=\"wp-block-video\"><\/figure>\n","protected":false},"excerpt":{"rendered":"<p>Sie planen eine neue Tour, wir k\u00fcmmern uns um die Umsetzung. Wir erstellen Ihnen ein B\u00fchnendesign und setzten dies so um das es auf die verschiedenen Locations umsetzbar ist&#8230; Sie Planen eine Veranstaltung oder Sind eine Band die mit einem festen Beleuchtungskonzept Touren wollen? Wir erstellen mit Ihnen zusammen einen&hellip;<\/p>\n","protected":false},"author":1,"featured_media":0,"parent":0,"menu_order":0,"comment_status":"closed","ping_status":"closed","template":"","meta":{"ngg_post_thumbnail":0},"yoast_head":"<!-- This site is optimized with the Yoast SEO plugin v21.8.1 - https:\/\/yoast.com\/wordpress\/plugins\/seo\/ -->\n<title>Home - DS Lighting<\/title>\n<meta name=\"robots\" content=\"index, follow, max-snippet:-1, max-image-preview:large, max-video-preview:-1\" \/>\n<link rel=\"canonical\" href=\"https:\/\/www.ds-lighting.de\/\" \/>\n<meta property=\"og:locale\" content=\"de_DE\" \/>\n<meta property=\"og:type\" content=\"article\" \/>\n<meta property=\"og:title\" content=\"Home - DS Lighting\" \/>\n<meta property=\"og:description\" content=\"Sie planen eine neue Tour, wir k\u00fcmmern uns um die Umsetzung. Wir erstellen Ihnen ein B\u00fchnendesign und setzten dies so um das es auf die verschiedenen Locations umsetzbar ist&#8230; Sie Planen eine Veranstaltung oder Sind eine Band die mit einem festen Beleuchtungskonzept Touren wollen? Wir erstellen mit Ihnen zusammen einen&hellip;\" \/>\n<meta property=\"og:url\" content=\"https:\/\/www.ds-lighting.de\/\" \/>\n<meta property=\"og:site_name\" content=\"DS Lighting\" \/>\n<meta property=\"article:modified_time\" content=\"2025-04-17T23:15:53+00:00\" \/>\n<meta property=\"og:image\" content=\"https:\/\/www.ds-lighting.de\/wp-content\/uploads\/2025\/04\/IMG_0435-2-3.jpg\" \/>\n<meta name=\"twitter:card\" content=\"summary_large_image\" \/>\n<meta name=\"twitter:label1\" content=\"Gesch\u00e4tzte Lesezeit\" \/>\n\t<meta name=\"twitter:data1\" content=\"2\u00a0Minuten\" \/>\n<script type=\"application\/ld+json\" class=\"yoast-schema-graph\">{\"@context\":\"https:\/\/schema.org\",\"@graph\":[{\"@type\":\"WebPage\",\"@id\":\"https:\/\/www.ds-lighting.de\/\",\"url\":\"https:\/\/www.ds-lighting.de\/\",\"name\":\"Home - DS Lighting\",\"isPartOf\":{\"@id\":\"https:\/\/www.ds-lighting.de\/#website\"},\"datePublished\":\"2022-02-09T09:09:00+00:00\",\"dateModified\":\"2025-04-17T23:15:53+00:00\",\"breadcrumb\":{\"@id\":\"https:\/\/www.ds-lighting.de\/#breadcrumb\"},\"inLanguage\":\"de\",\"potentialAction\":[{\"@type\":\"ReadAction\",\"target\":[\"https:\/\/www.ds-lighting.de\/\"]}]},{\"@type\":\"BreadcrumbList\",\"@id\":\"https:\/\/www.ds-lighting.de\/#breadcrumb\",\"itemListElement\":[{\"@type\":\"ListItem\",\"position\":1,\"name\":\"Home\",\"item\":\"https:\/\/www.ds-lighting.de\/\"},{\"@type\":\"ListItem\",\"position\":2,\"name\":\"Home\"}]},{\"@type\":\"WebSite\",\"@id\":\"https:\/\/www.ds-lighting.de\/#website\",\"url\":\"https:\/\/www.ds-lighting.de\/\",\"name\":\"DS Lighting\",\"description\":\"Freier Lichttechniker\",\"publisher\":{\"@id\":\"https:\/\/www.ds-lighting.de\/#organization\"},\"potentialAction\":[{\"@type\":\"SearchAction\",\"target\":{\"@type\":\"EntryPoint\",\"urlTemplate\":\"https:\/\/www.ds-lighting.de\/?s={search_term_string}\"},\"query-input\":\"required name=search_term_string\"}],\"inLanguage\":\"de\"},{\"@type\":\"Organization\",\"@id\":\"https:\/\/www.ds-lighting.de\/#organization\",\"name\":\"DS Lighting\",\"url\":\"https:\/\/www.ds-lighting.de\/\",\"logo\":{\"@type\":\"ImageObject\",\"inLanguage\":\"de\",\"@id\":\"https:\/\/www.ds-lighting.de\/#\/schema\/logo\/image\/\",\"url\":\"https:\/\/www.ds-lighting.de\/wp-content\/uploads\/2025\/04\/IMG_0445-2.gif\",\"contentUrl\":\"https:\/\/www.ds-lighting.de\/wp-content\/uploads\/2025\/04\/IMG_0445-2.gif\",\"width\":1000,\"height\":414,\"caption\":\"DS Lighting\"},\"image\":{\"@id\":\"https:\/\/www.ds-lighting.de\/#\/schema\/logo\/image\/\"}}]}<\/script>\n<!-- \/ Yoast SEO plugin. -->","yoast_head_json":{"title":"Home - DS Lighting","robots":{"index":"index","follow":"follow","max-snippet":"max-snippet:-1","max-image-preview":"max-image-preview:large","max-video-preview":"max-video-preview:-1"},"canonical":"https:\/\/www.ds-lighting.de\/","og_locale":"de_DE","og_type":"article","og_title":"Home - DS Lighting","og_description":"Sie planen eine neue Tour, wir k\u00fcmmern uns um die Umsetzung. Wir erstellen Ihnen ein B\u00fchnendesign und setzten dies so um das es auf die verschiedenen Locations umsetzbar ist&#8230; Sie Planen eine Veranstaltung oder Sind eine Band die mit einem festen Beleuchtungskonzept Touren wollen? Wir erstellen mit Ihnen zusammen einen&hellip;","og_url":"https:\/\/www.ds-lighting.de\/","og_site_name":"DS Lighting","article_modified_time":"2025-04-17T23:15:53+00:00","og_image":[{"url":"https:\/\/www.ds-lighting.de\/wp-content\/uploads\/2025\/04\/IMG_0435-2-3.jpg"}],"twitter_card":"summary_large_image","twitter_misc":{"Gesch\u00e4tzte Lesezeit":"2\u00a0Minuten"},"schema":{"@context":"https:\/\/schema.org","@graph":[{"@type":"WebPage","@id":"https:\/\/www.ds-lighting.de\/","url":"https:\/\/www.ds-lighting.de\/","name":"Home - DS Lighting","isPartOf":{"@id":"https:\/\/www.ds-lighting.de\/#website"},"datePublished":"2022-02-09T09:09:00+00:00","dateModified":"2025-04-17T23:15:53+00:00","breadcrumb":{"@id":"https:\/\/www.ds-lighting.de\/#breadcrumb"},"inLanguage":"de","potentialAction":[{"@type":"ReadAction","target":["https:\/\/www.ds-lighting.de\/"]}]},{"@type":"BreadcrumbList","@id":"https:\/\/www.ds-lighting.de\/#breadcrumb","itemListElement":[{"@type":"ListItem","position":1,"name":"Home","item":"https:\/\/www.ds-lighting.de\/"},{"@type":"ListItem","position":2,"name":"Home"}]},{"@type":"WebSite","@id":"https:\/\/www.ds-lighting.de\/#website","url":"https:\/\/www.ds-lighting.de\/","name":"DS Lighting","description":"Freier Lichttechniker","publisher":{"@id":"https:\/\/www.ds-lighting.de\/#organization"},"potentialAction":[{"@type":"SearchAction","target":{"@type":"EntryPoint","urlTemplate":"https:\/\/www.ds-lighting.de\/?s={search_term_string}"},"query-input":"required name=search_term_string"}],"inLanguage":"de"},{"@type":"Organization","@id":"https:\/\/www.ds-lighting.de\/#organization","name":"DS Lighting","url":"https:\/\/www.ds-lighting.de\/","logo":{"@type":"ImageObject","inLanguage":"de","@id":"https:\/\/www.ds-lighting.de\/#\/schema\/logo\/image\/","url":"https:\/\/www.ds-lighting.de\/wp-content\/uploads\/2025\/04\/IMG_0445-2.gif","contentUrl":"https:\/\/www.ds-lighting.de\/wp-content\/uploads\/2025\/04\/IMG_0445-2.gif","width":1000,"height":414,"caption":"DS Lighting"},"image":{"@id":"https:\/\/www.ds-lighting.de\/#\/schema\/logo\/image\/"}}]}},"jetpack_sharing_enabled":true,"_links":{"self":[{"href":"https:\/\/www.ds-lighting.de\/index.php\/wp-json\/wp\/v2\/pages\/13"}],"collection":[{"href":"https:\/\/www.ds-lighting.de\/index.php\/wp-json\/wp\/v2\/pages"}],"about":[{"href":"https:\/\/www.ds-lighting.de\/index.php\/wp-json\/wp\/v2\/types\/page"}],"author":[{"embeddable":true,"href":"https:\/\/www.ds-lighting.de\/index.php\/wp-json\/wp\/v2\/users\/1"}],"replies":[{"embeddable":true,"href":"https:\/\/www.ds-lighting.de\/index.php\/wp-json\/wp\/v2\/comments?post=13"}],"version-history":[{"count":27,"href":"https:\/\/www.ds-lighting.de\/index.php\/wp-json\/wp\/v2\/pages\/13\/revisions"}],"predecessor-version":[{"id":505,"href":"https:\/\/www.ds-lighting.de\/index.php\/wp-json\/wp\/v2\/pages\/13\/revisions\/505"}],"wp:attachment":[{"href":"https:\/\/www.ds-lighting.de\/index.php\/wp-json\/wp\/v2\/media?parent=13"}],"curies":[{"name":"wp","href":"https:\/\/api.w.org\/{rel}","templated":true}]}}